 y?
1
Let h = 1057 + -1016. What is the remainder when 859 is divided by h?
39
Let h(g) = -g**3 - 24*g**2 - 18*g + 122. Suppose -6 = -3*t - 5*j + 9, 5 = t + 2*j. Calculate the remainder when h(-23) is divided by t.
2
Suppose 507 - 138 = 3*q. Calculate the remainder when q is divided by 43.
37
Calculate the remainder when 26 is divided by 56/(-18)*6*15/(-20).
12
Let y = 4 - -42. Suppose -t + y - 24 = 0. What is the remainder when t is divided by 12?
10
Suppose 75*i = 71*i - 4*u + 76, 3*i - 5*u = 25. Let p = -17 + 33. Suppose -5*m + p = -29. Calculate the remainder when i is divided by m.
6
Let v(w) = -2*w**3 - 16*w**2 + 2*w + 12. Let q be v(-8). Calculate the remainder when 73 is divided by (-300)/q*3/9.
23
Let m(k) = -12*k - 217. What is the remainder when m(-19) is divided by 3*8/3 - 1?
4
Calculate the remainder when 226 is divided by -8 - (-83 - (-13 - -10)).
10
Let n = 12 - -7. Let c(j) = 2*j**2 + 2*j - 8. What is the remainder when c(-6) is divided by n?
14
Let x = 17 + 43. Suppose 3*r - x = 21. Calculate the remainder when 80 is divided by r.
26
Suppose 2*z = -0*z + 4. Let i be (2 + 4/(-8))*z. Suppose -2*d = -x - 3*d + 14, -3*d - i = 0. What is the remainder when 44 is divided by x?
14
Suppose -2*s + 3*s = 18. Let i(p) = -p**2 - 16*p + 18. Suppose d - 5 = -4*t - t, 0 = 5*t - 20. What is the remainder when i(d) is divided by s?
15
Let v be (-5)/(-1) + -2 - 0. Suppose -24 = 5*x + 5*i - i, -v*i = -5*x - 17. What is the remainder when (-1560)/(-45)*(-6)/x is divided by 11?
8
Let h(a) = -4*a - 57. Let b be (-5)/15*-3*-16. What is the remainder when 34 is divided by h(b)?
6
Let s = 6 - -23. Suppose c - 30 = 56. What is the remainder when c is divided by s?
28
Let t(g) = 3*g**3 - 20*g**2 - 26. Let f be 2 + (-5 - -1) - -2. Suppose f*x + 445 = 5*x. Calculate the remainder when x is divided by t(7).
20
Suppose 0 = o + 12*m - 11*m - 304, -1514 = -5*o - 2*m. Calculate the remainder when o is divided by 34.
30
Suppose 0 = 2*h + 4*t - 3*t - 19, 0 = -4*t - 4. Calculate the remainder when ((-8)/10)/((-2)/60) is divided by h + (-5)/(-5) + -4.
3
Let z = -16 - -14. Let l = 13 + z. What is the remainder when l is divided by -2*(42/4)/(-3)?
4
Suppose -2*s - 4*v + 8 + 6 = 0, -3*s = -3*v - 3. What is the remainder when 271 is divided by s?
1
Calculate the remainder when 1 + -2 + 0 - -94 is divided by 48.
45
Suppose -t - 4*f + 49 = 0, 3*t + 5*f = 65 + 61. Suppose -v + 31 = -5*w - 46, 0 = 3*v - 4*w - 220. Calculate the remainder when v is divided by t.
35
Let r(q) = q**2 - 1. Calculate the remainder when 16 is divided by r(2).
1
Let w(j) = j**3 + 14*j**2 - 22*j + 16. Let y be w(-15). Suppose 0 = 2*c - 4*k - 146, k - y = -2*c - 0*c. Calculate the remainder when c is divided by 32.
31
Let s(h) = 2*h**2 + 11*h - 3. Let t = -16 - -25. Let f be s(t). What is the remainder when 1/5 - f/(-10) is divided by 14?
12
Let n = 1406 - 1113. Calculate the remainder when n is divided by 99.
95
Let k(b) = -3 + 3 + 6*b - 2*b - 4. Suppose 3*r - 5*j = 73, 2*r - 38 - 14 = 5*j. What is the remainder when r is divided by k(4)?
9
Let a be (1*-1)/(-4 - 105/(-28)). Let g = 19 + a. Calculate the remainder when 91 is divided by g.
22
Let k(p) = -178*p**3 - 2*p**2 - 2*p - 1. Let s be k(-1). Let o = s - 91. Suppose -70 = -4*t + t + 2*i, -i = 2. What is the remainder when o is divided by t?
20
Suppose -3*q + 2*d = -82 - 370, -4*q = 3*d - 631. Calculate the remainder when q is divided by 32.
26
Let a(i) = 4*i - 13. Calculate the remainder when a(9) is divided by ((-14)/(-6))/((-9)/(-27)).
2
Let a = 16 - -53. Let s(g) = -2*g**3 - 90*g**2 + 3*g + 159. What is the remainder when a is divided by s(-45)?
21
Let a = -66 + 609. Calculate the remainder when a is divided by 78.
75
Let k(f) = -2*f**2 + 52*f - 52. Calculate the remainder when k(23) is divided by 30.
26
Suppose 2*d - 3 = 3. Suppose 57 = d*o - 0*o. Calculate the remainder when o is divided by 11.
8
Let u = 16 - -5. What is the remainder when 81 is divided by u?
18
Suppose -3*y - 2 = 19. Let u(j) = -2*j - 14. Let a be u(y). What is the remainder when -3 + (65 - (a - -3)) is divided by 10?
9
Suppose 7*n - 312 = -17*n. What is the remainder when 22 is divided by n?
9
Suppose -2*m = n, 7*m + 20 = 11*m - 3*n. Suppose 18 = m*v - 16. What is the remainder when v is divided by 9?
8
Let c(s) = -s**2 + 89. Let p be c(0). Let b = p - 31. Suppose -7*k = -73 + 3. Calculate the remainder when b is divided by k.
8
Suppose 5*o - 650 = 5*w, -8 = -2*w + 6*w. Let j = -82 + o. Suppose 0 = -t + 3 + 9. What is the remainder when j is divided by t?
10
Let c(p) = p**3 + 5*p**2 + 4*p + 2. Let g be c(-4). Suppose -19 = -2*k - 2*y + 37, g*k + 4*y = 62. Calculate the remainder when 74 is divided by k.
24
What is the remainder when 668 is divided by 394/4 - (-10)/(-40)*10?
92
Suppose -14*s - 1344 = -56*s. What is the remainder when s is divided by 7?
4
Let k = -30 - -46. What is the remainder when 47 is divided by k?
15
Let l(t) = t**2 - 16*t + 37. Let m be l(13). Calculate the remainder when 113 is divided by (-4)/(-8) + (-25)/m.
9
Let y = 31 - 27. Suppose -y = -2*g, g + 18 = -5*t + 65. Calculate the remainder when 33 is divided by t.
6
Suppose l + 51 = 4*i - 3, -4 = -2*l. Calculate the remainder when 55 is divided by i.
13
Let o = 14 - 12. Suppose -l + 105 = o*l. Suppose b - 36 = -b. Calculate the remainder when l is divided by b.
17
Let r = 89 + -50. Let d(h) = 156*h - 4. Calculate the remainder when d(1) is divided by r.
35
Suppose -8*a + 31 = v - 3*a, -2*v - 8 = -4*a. Let n be 8/(-12) - 10/(-6). What is the remainder when (-52 + 17)*(n - (4 + -2)) is divided by v?
5
Let j = -11 - -15. Suppose -j = f + 3*w - 0*w, 3*w = -9. Suppose 3*g = b - 24, f*b + g = b + 31. Calculate the remainder when b is divided by 3.
0
Let m be 0 + (7 - 1)/1. Suppose 5*s - 86 = -m. Let w = -39 - -48. Calculate the remainder when s is divided by w.
7
Let t = -13 + 80. Suppose -5*g = -9*o + 4*o - 150, -110 = -3*g - 2*o. What is the remainder when t is divided by g?
33
Let b = 6 - 1. Suppose -2*h = 2*z - 8, 2*z - h + b = 1. Suppose -2*p + 146 = 4*s, 5*p + 2*s + 0*s - 365 = z. Calculate the remainder when p is divided by 25.
23
Let y(f) = f**2 + f - 6. Let u be y(-3). Suppose -7*v + 15 + 111 = u. Calculate the remainder when v is divided by 10.
8
Let h = 90 - 48. Let q(i) = -i. Let r be q(-4). Suppose 0*a = 4*a - 4, 0 = r*v + 2*a - 62. Calculate the remainder when h is divided by v.
12
Let u(b) = b + 2*b - 69*b**2 - 4*b. Let k be u(1). Calculate the remainder when (k + -2 + -1)/(-1) is divided by 19.
16
Suppose 3*l - 25 = 8. Suppose -2*c - 704 = -6*c. Suppose -2*w + 6*w + 2*p = c, 4*w = -4*p + 180. What is the remainder when w is divided by l?
10
Suppose -152 = -51*t + 43*t. Calculate the remainder when 224 is divided by t.
15
Suppose l - 19 = -s, -3*s = 15*l - 11*l - 80. What is the remainder when 410 is divided by l?
19
Let v = -47 + 53. Suppose -8*a = -v*a - 262. What is the remainder when a is divided by 33?
32
Suppose -4*u - 9 = -149. What is the remainder when u is divided by 13?
9
Suppose -2*q + 5 + 1 = 0. Suppose -44*i + 33 = -231. What is the remainder when i is divided by q?
0
Suppose -5*m = -0*m - 115. Let r = -2220 - -2230. What is the remainder when m is divided by r?
3
Let z(g) = g + 2. What is the remainder when z(9) is divided by 22/(-66)*(-9 - 0)?
2
Let r(q) = -19*q + 7*q + 22 + 6*q. Calculate the remainder when r(-7) is divided by 13.
12
Suppose -310 = -3*c + 31 - 59. Suppose -13 - 3 = -m. Calculate the remainder when c is divided by m.
14
Let r(o) = 9 - 3 + 2*o - 1 - 8 + o**2. What is the remainder when 45 is divided by r(3)?
9
Let n(o) = -3*o**2 - 42*o - 62. Calculate the remainder when 192 is divided by n(-9).
46
Let w be (76/12)/(1/3). Let o = w - -11. What is the remainder when (4/3)/((-38)/(-3363)) is divided by o?
28
Let k(u) = u**2 + u + 1. Let o be k(-2). Suppose -4*l + 27 = 4*w - 129, l + o*w = 29. Suppose 11*i = 7*i + l. What is the remainder when 42 is divided by i?
9
Suppose p + 4*p = 55. Suppose 0 = -4*y, 5*l - 2*y - 55 = -y. Suppose 205 = -6*c + l*c. Calculate the remainder when c is divided by p.
8
Suppose -5*n - 5*w = -508 - 177, 3*w - 545 = -4*n. Let x(d) = -3*d - 70. Let s be x(5). Let i = n + s. Calculate the remainder when i is divided by 13.
10
Supp